at are the prime factors of 43035?
3, 5, 19, 151
What are the prime factors of 13194?
2, 3, 733
What are the prime factors of 18008?
2, 2251
List the prime factors of 226.
2, 113
List the prime factors of 6891.
3, 2297
What are the prime factors of 62637?
3, 20879
What are the prime factors of 6276?
2, 3, 523
List the prime factors of 7035.
3, 5, 7, 67
List the prime factors of 8860.
2, 5, 443
What are the prime factors of 2450?
2, 5, 7
List the prime factors of 590.
2, 5, 59
List the prime factors of 8267.
7, 1181
List the prime factors of 47898.
2, 3, 887
List the prime factors of 3226.
2, 1613
What are the prime factors of 25585?
5, 7, 17, 43
What are the prime factors of 2379?
3, 13, 61
List the prime factors of 1887.
3, 17, 37
What are the prime factors of 41505?
3, 5, 2767
What are the prime factors of 388?
2, 97
What are the prime factors of 23772?
2, 3, 7, 283
List the prime factors of 9433.
9433
List the prime factors of 24124.
2, 37, 163
What are the prime factors of 7808?
2, 61
List the prime factors of 38171.
7, 19, 41
List the prime factors of 416.
2, 13
What are the prime factors of 63783?
3, 19, 373
List the prime factors of 40318.
2, 19, 1061
List the prime factors of 2650.
2, 5, 53
List the prime factors of 3609.
3, 401
List the prime factors of 42032.
2, 37, 71
List the prime factors of 1909.
23, 83
What are the prime factors of 639?
3, 71
List the prime factors of 35691.
3, 11897
What are the prime factors of 8517?
3, 17, 167
What are the prime factors of 62932?
2, 15733
List the prime factors of 1456.
2, 7, 13
List the prime factors of 32267.
41, 787
List the prime factors of 73522.
2, 36761
What are the prime factors of 89?
89
What are the prime factors of 3141?
3, 349
What are the prime factors of 3859?
17, 227
List the prime factors of 6927.
3, 2309
What are the prime factors of 58944?
2, 3, 307
List the prime factors of 92848.
2, 7, 829
What are the prime factors of 83956?
2, 139, 151
List the prime factors of 98421.
3, 53, 619
What are the prime factors of 99846?
2, 3, 43
What are the prime factors of 1798?
2, 29, 31
List the prime factors of 1415.
5, 283
List the prime factors of 77271.
3, 43, 599
List the prime factors of 3391.
3391
What are the prime factors of 978?
2, 3, 163
List the prime factors of 129874.
2, 64937
What are the prime factors of 6390?
2, 3, 5, 71
What are the prime factors of 798?
2, 3, 7, 19
List the prime factors of 19406.
2, 31, 313
List the prime factors of 46231.
83, 557
List the prime factors of 9088.
2, 71
What are the prime factors of 4807?
11, 19, 23
List the prime factors of 105790.
2, 5, 71, 149
What are the prime factors of 5987?
5987
List the prime factors of 2862.
2, 3, 53
List the prime factors of 5085.
3, 5, 113
List the prime factors of 289.
17
What are the prime factors of 4667?
13, 359
What are the prime factors of 827?
827
What are the prime factors of 912?
2, 3, 19
List the prime factors of 18478.
2, 9239
List the prime factors of 324.
2, 3
What are the prime factors of 2359?
7, 337
What are the prime factors of 4995?
3, 5, 37
List the prime factors of 3417.
3, 17, 67
List the prime factors of 4323.
3, 11, 131
List the prime factors of 12464.
2, 19, 41
List the prime factors of 2327.
13, 179
List the prime factors of 35882.
2, 7, 11, 233
What are the prime factors of 2888?
2, 19
What are the prime factors of 8794?
2, 4397
List the prime factors of 1251.
3, 139
List the prime factors of 9388.
2, 2347
What are the prime factors of 313?
313
What are the prime factors of 3685?
5, 11, 67
What are the prime factors of 127?
127
List the prime factors of 6323.
6323
List the prime factors of 31598.
2, 7, 37, 61
List the prime factors of 24270.
2, 3, 5, 809
List the prime factors of 875.
5, 7
List the prime factors of 10017.
3, 7, 53
List the prime factors of 20634.
2, 3, 19, 181
What are the prime factors of 583?
11, 53
List the prime factors of 47716.
2, 79, 151
What are the prime factors of 1652?
2, 7, 59
What are the prime factors of 14137?
67, 211
What are the prime factors of 325?
5, 13
What are the prime factors of 13514?
2, 29, 233
List the prime factors of 5726.
2, 7, 409
What are the prime factors of 220?
2, 5, 11
List the prime factors of 3530.
2, 5, 353
List the prime factors of 4886.
2, 7, 349
List the prime factors of 956.
2, 239
List the prime factors of 25197.
3, 37, 227
List the prime factors of 7873.
7873
List the prime factors of 71193.
3, 19, 1249
List the prime factors of 8392.
2, 1049
List the prime factors of 26058.
2, 3, 43, 101
What are the prime factors of 354?
2, 3, 59
What are the prime factors of 16929?
3, 11, 19
What are the prime factors of 3377?
11, 307
What are the prime factors of 9571?
17, 563
What are the prime factors of 13474?
2, 6737
What are the prime factors of 17659?
17659
What are the prime factors of 2235?
3, 5, 149
List the prime factors of 90059.
90059
List the prime factors of 5891.
43, 137
List the prime factors of 3038.
2, 7, 31
What are the prime factors of 3175?
5, 127
List the prime factors of 80089.
283
What are the prime factors of 194214?
2, 3, 32369
What are the prime factors of 144292?
2, 36073
List the prime factors of 1583.
1583
List the prime factors of 3193.
31, 103
What are the prime factors of 1051?
1051
List the prime factors of 55327.
61, 907
What are the prime factors of 9302?
2, 4651
What are the prime factors of 10817?
29, 373
What are the prime factors of 1323?
3, 7
What are the prime factors of 52878?
2, 3, 7, 1259
What are the prime factors of 22373?
13, 1721
List the prime factors of 5357.
11, 487
List the prime factors of 16788.
2, 3, 1399
What are the prime factors of 827?
827
What are the prime factors of 9875?
5, 79
List the prime factors of 1669.
1669
What are the prime factors of 34209?
3, 7, 181
List the prime factors of 16923.
3, 5641
List the prime factors of 235.
5, 47
List the prime factors of 2615.
5, 523
What are the prime factors of 6631?
19, 349
List the prime factors of 1369.
37
What are the prime factors of 80367?
3, 7, 43, 89
What are the prime factors of 52828?
2, 47, 281
List the prime factors of 11138.
2, 5569
What are the prime factors of 4589?
13, 353
What are the prime factors of 31396?
2, 47, 167
What are the prime factors of 3156?
2, 3, 263
What are the prime factors of 12502?
2, 7, 19, 47
What are the prime factors of 17657?
17657
What are the prime factors of 4774?
2, 7, 11, 31
List the prime factors of 79641.
3, 8849
List the prime factors of 503.
503
List the prime factors of 11816.
2, 7, 211
What are the prime factors of 76347?
3, 17, 499
List the prime factors of 1394.
2, 17, 41
What are the prime factors of 12577?
12577
What are the prime factors of 12153?
3, 4051
What are the prime factors of 1701?
3, 7
What are the prime factors of 1932?
2, 3, 7, 23
What are the prime factors of 1135?
5, 227
What are the prime factors of 2733?
3, 911
List the prime factors of 5343.
3, 13, 137
What are the prime factors of 11189?
67, 167
List the prime factors of 460.
2, 5, 23
List the prime factors of 66695.
5, 13339
What are the prime factors of 4561?
4561
What are the prime factors of 95183?
11, 17, 509
List the prime factors of 1137.
3, 379
List the prime factors of 54.
2, 3
List the prime factors of 13712.
2, 857
List the prime factors of 166.
2, 83
What are the prime factors of 15973?
15973
List the prime factors of 6162.
2, 3, 13, 79
List the prime factors of 10559.
10559
What are the prime factors of 2104?
2, 263
List the prime factors of 2328.
2, 3, 97
What are the prime factors of 575?
5, 23
What are the prime factors of 20998?
2, 10499
List the prime factors of 4322.
2, 2161
What are the prime factors of 623?
7, 89
What are the prime factors of 53462?
2, 26731
What are the prime factors of 77942?
2, 38971
List the prime factors of 28959.
3, 7, 197
List the prime factors of 73435.
5, 19, 773
What are the prime factors of 19951?
71, 281
What are the prime factors of 3215?
5, 643
What are the prime factors of 1563?
3, 521
List the prime factors of 19208.
2, 7
What are the prime factors of 3040?
2, 5, 19
What are the prime factors of 12853?
12853
What are the prime factors of 1781?
13, 137
List the prime factors of 416.
2, 13
List the prime factors of 691.
691
List the prime factors of 2